8
Calculate the remainder when 203849 is divided by 11324.
17
What is the remainder when 3809 is divided by 176?
113
Calculate the remainder when 10221 is divided by 26.
3
What is the remainder when 155016 is divided by 9?
0
Calculate the remainder when 7508 is divided by 43.
26
What is the remainder when 8829 is divided by 91?
2
What is the remainder when 2916747 is divided by 30?
27
What is the remainder when 52651 is divided by 2631?
31
What is the remainder when 4161 is divided by 97?
87
What is the remainder when 17540 is divided by 11?
6
What is the remainder when 26579 is divided by 8713?
440
What is the remainder when 44255 is divided by 295?
5
What is the remainder when 10590 is divided by 660?
30
Calculate the remainder when 21656 is divided by 7157.
185
What is the remainder when 4068 is divided by 34?
22
Calculate the remainder when 10870 is divided by 118.
14
Calculate the remainder when 1995986 is divided by 498995.
6
Calculate the remainder when 595 is divided by 116.
15
Calculate the remainder when 2431 is divided by 118.
71
What is the remainder when 810064 is divided by 41?
27
What is the remainder when 38993 is divided by 70?
3
Calculate the remainder when 5702 is divided by 27.
5
What is the remainder when 2050 is divided by 526?
472
Calculate the remainder when 3287 is divided by 66.
53
What is the remainder when 31813 is divided by 14?
5
Calculate the remainder when 1884 is divided by 54.
48
Calculate the remainder when 15767 is divided by 7875.
17
What is the remainder when 1380801 is divided by 104?
97
What is the remainder when 55198 is divided by 11030?
48
What is the remainder when 36078 is divided by 84?
42
What is the remainder when 9289 is divided by 8797?
492
Calculate the remainder when 32124 is divided by 2004.
60
What is the remainder when 18602 is divided by 1231?
137
What is the remainder when 990 is divided by 593?
397
What is the remainder when 60998 is divided by 20?
18
What is the remainder when 1316 is divided by 903?
413
What is the remainder when 11215 is divided by 422?
243
What is the remainder when 4093 is divided by 195?
193
Calculate the remainder when 1499 is divided by 76.
55
Calculate the remainder when 2951 is divided by 1463.
25
Calculate the remainder when 502470 is divided by 662.
12
Calculate the remainder when 30158 is divided by 1007.
955
What is the remainder when 6560 is divided by 1637?
12
What is the remainder when 7544 is divided by 77?
75
What is the remainder when 2944 is divided by 1229?
486
What is the remainder when 30295 is divided by 218?
211
Calculate the remainder when 89694 is divided by 271.
264
Calculate the remainder when 1831 is divided by 348.
91
What is the remainder when 7449 is divided by 2439?
132
Calculate the remainder when 12991 is divided by 1496.
1023
Calculate the remainder when 2107 is divided by 14.
7
What is the remainder when 48006 is divided by 15864?
414
What is the remainder when 5160 is divided by 199?
185
What is the remainder when 2532 is divided by 2528?
4
Calculate the remainder when 569175 is divided by 48.
39
Calculate the remainder when 1655 is divided by 33.
5
What is the remainder when 21078 is divided by 40?
38
Calculate the remainder when 2556 is divided by 931.
694
Calculate the remainder when 27773 is divided by 9237.
62
What is the remainder when 5054 is divided by 124?
94
Calculate the remainder when 487282 is divided by 555.
547
Calculate the remainder when 32120 is divided by 407.
374
What is the remainder when 19133 is divided by 89?
87
What is the remainder when 836663 is divided by 95?
93
What is the remainder when 109940 is divided by 174?
146
Calculate the remainder when 405256 is divided by 81051.
1
What is the remainder when 61189 is divided by 610?
189
Calculate the remainder when 283243 is divided by 115.
113
Calculate the remainder when 1071 is divided by 71.
6
Calculate the remainder when 1654 is divided by 789.
76
What is the remainder when 7152 is divided by 152?
8
Calculate the remainder when 232107 is divided by 1304.
1299
Calculate the remainder when 16468 is divided by 3287.
33
What is the remainder when 7773 is divided by 388?
13
What is the remainder when 54252 is divided by 2583?
9
Calculate the remainder when 109297 is divided by 27315.
37
Calculate the remainder when 61459 is divided by 88.
35
What is the remainder when 93955 is divided by 1056?
1027
Calculate the remainder when 41613 is divided by 22.
11
What is the remainder when 3856 is divided by 133?
132
Calculate the remainder when 76589 is divided by 15316.
9
Calculate the remainder when 2458 is divided by 172.
50
What is the remainder when 3583 is divided by 3298?
285
Calculate the remainder when 14362 is divided by 42.
40
What is the remainder when 1859939 is divided by 29?
24
What is the remainder when 5792 is divided by 982?
882
What is the remainder when 8588 is divided by 571?
23
Calculate the remainder when 94844 is divided by 34.
18
What is the remainder when 10966 is divided by 10955?
11
Calculate the remainder when 2728 is divided by 408.
280
Calculate the remainder when 1759 is divided by 272.
127
What is the remainder when 4606 is divided by 183?
31
What is the remainder when 11608 is divided by 1428?
184
What is the remainder when 3375 is divided by 105?
15
What is the remainder when 1875740 is divided by 1336?
1332
What is the remainder when 14048 is divided by 414?
386
Calculate the remainder when 257 is divided by 59.
21
What is the remainder when 4914 is divided by 346?
70
What is the remainder when 14050 is divided by 299?
296
Calculate the remainder when 8787 is divided by 26.
25
Calculate the remainder when 4244 is divided by 686.
128
What is the remainder when 2544 is divided by 632?
16
Calculate the remainder when 8053 is divided by 26.
19
What is the remainder when 13048 is divided by 51?
43
What is the remainder when 1503 is divided by 56?
47
What is the remainder when 926594 is divided by 2432?
2
What is the remainder when 35087 is divided by 3896?
23
Calculate the remainder when 66470 is divided by 8.
6
What is the remainder when 217452 is divided by 108724?
4
What is the remainder when 3982 is divided by 522?
328
What is the remainder when 1281307 is divided by 1876?
1875
What is the remainder when 1656 is divided by 400?
56
What is the remainder when 135462 is divided by 67704?
54
Calculate the remainder when 2767 is divided by 33.
28
Calculate the remainder when 4038 is divided by 53.
10
Calculate the remainder when 1463 is divided by 362.
15
What is the remainder when 382363 is divided by 15?
13
What is the remainder when 676 is divided by 98?
88
Calculate the remainder when 80367 is divided by 8.
7
Calculate the remainder when 2624 is divided by 189.
167
Calculate the remainder when 193360 is divided by 38667.
25
What is the remainder when 2154 is divided by 493?
182
What is the remainder when 2057 is divided by 685?
2
Calculate the remainder when 387 is divided by 59.
33
Calculate the remainder when 606 is divided by 152.
150
Calculate the remainder when 16119 is divided by 336.
327
What is the remainder when 84059 is divided by 20?
19
What is the remainder when 255364 is divided by 11?
10
Calculate the remainder when 6776 is divided by 16.
8
Calculate the remainder when 3813 is divided by 723.
198
What is the remainder when 6702 is divided by 2228?
18
Calculate the remainder when 29425 is divided by 1259.
468
Calculate the remainder when 488779 is divided by 28.
11
Calculate the remainder when 33232 is divided by 489.
469
What is the remainder when 40095 is divided by 2673?
0
What is the remainder when 112368 is divided by 37453?
9
Calculate the remainder when 300 is divided by 52.
40
Calculate the remainder when 2699 is divided by 60.
59
Calculate the remainder when 33295 is divided by 520.
15
What is the remainder when 4979 is divided by 178?
173
Calculate the remainder when 3682 is divided by 1788.
106
Calculate the remainder when 2652 is divided by 2020.
632
Calculate the remainder when 4778 is divided by 654.
200
Calculate the remainder when 4447 is divided by 464.
271
Calculate the remainder when 13411 is divided by 6648.
115
Calculate the remainder when 16772 is divided by 5110.
1442
What is the remainder when